2, 5, 71, 30089
List the prime factors of 863309000.
2, 5, 863309
What are the prime factors of 173310920?
2, 5, 17, 254869
List the prime factors of 82956364.
2, 317, 65423
List the prime factors of 394251178.
2, 19, 157, 66083
What are the prime factors of 128769200?
2, 5, 7, 45989
List the prime factors of 24095544.
2, 3, 11, 107, 853
What are the prime factors of 3956424813?
3, 11, 39963887
List the prime factors of 750718197.
3, 37, 2254409
List the prime factors of 92280576.
2, 3, 120157
What are the prime factors of 5415291529?
10211, 530339
What are the prime factors of 37281844?
2, 9320461
What are the prime factors of 712412667?
3, 823, 96181
What are the prime factors of 34463777?
17, 19, 106699
What are the prime factors of 482271229?
11, 2297, 19087
What are the prime factors of 101147787?
3, 13, 864511
What are the prime factors of 2321369568?
2, 3, 7, 1151473
List the prime factors of 6059748690.
2, 3, 5, 67330541
What are the prime factors of 407769603?
3, 47, 1549, 1867
List the prime factors of 254067402.
2, 3, 42344567
What are the prime factors of 628991932?
2, 9281, 16943
What are the prime factors of 1881965373?
3, 37, 16954643
List the prime factors of 570708355.
5, 7, 2549, 6397
List the prime factors of 1636622053.
11, 113, 1316671
List the prime factors of 162423342.
2, 3, 59, 152941
What are the prime factors of 83632198?
2, 13, 53, 137, 443
List the prime factors of 51045619.
47, 251, 4327
List the prime factors of 350660970.
2, 3, 5, 11, 127, 2789
What are the prime factors of 819503091?
3, 11, 8277809
List the prime factors of 5521731792.
2, 3, 115036079
List the prime factors of 679275923.
679275923
What are the prime factors of 66205420?
2, 5, 3310271
What are the prime factors of 130812631?
241, 542791
List the prime factors of 2162451.
3, 17, 109, 389
What are the prime factors of 5013710686?
2, 17, 147462079
List the prime factors of 156344026.
2, 78172013
What are the prime factors of 44656848?
2, 3, 310117
List the prime factors of 2337250647.
3, 181, 2039, 2111
List the prime factors of 18855607.
23, 37, 22157
What are the prime factors of 302447981?
11, 27495271
What are the prime factors of 655509856?
2, 20484683
What are the prime factors of 5841093253?
31, 188422363
List the prime factors of 20363495.
5, 4072699
List the prime factors of 73178859.
3, 13, 37, 47, 83
List the prime factors of 6636271.
1847, 3593
List the prime factors of 1623841357.
1623841357
List the prime factors of 391305637.
71, 5511347
List the prime factors of 129011649.
3, 13, 67, 97, 509
List the prime factors of 1638888373.
457, 3586189
What are the prime factors of 10819179?
3, 7, 171733
What are the prime factors of 557606013?
3, 185868671
What are the prime factors of 325728186?
2, 3, 7, 137, 8087
List the prime factors of 22848211.
22848211
What are the prime factors of 1581046690?
2, 5, 11491, 13759
List the prime factors of 702660860.
2, 5, 11, 3193913
List the prime factors of 936609834.
2, 3, 89, 1753951
What are the prime factors of 212328163?
37, 5738599
List the prime factors of 1042800071.
1033, 1009487
What are the prime factors of 2529226161?
3, 7, 11, 1216559
What are the prime factors of 43601652?
2, 3, 23, 5851
What are the prime factors of 58411433?
4789, 12197
What are the prime factors of 358606021?
3121, 114901
List the prime factors of 1222263830.
2, 5, 4987, 24509
List the prime factors of 66940815.
3, 5, 17, 262513
What are the prime factors of 360236043?
3, 40026227
What are the prime factors of 97334318?
2, 863, 56393
List the prime factors of 61078468.
2, 11, 419, 3313
What are the prime factors of 46671507?
3, 823, 6301
List the prime factors of 46274039.
7, 1741, 3797
List the prime factors of 128741793.
3, 89, 482179
What are the prime factors of 114823039?
31, 3703969
What are the prime factors of 759426946?
2, 223, 1702751
List the prime factors of 43798579.
11, 17, 234217
List the prime factors of 86196550.
2, 5, 11, 53, 2957
List the prime factors of 330400844.
2, 8923, 9257
List the prime factors of 75651011.
75651011
List the prime factors of 188251027.
47, 4005341
What are the prime factors of 591839635?
5, 118367927
What are the prime factors of 701388026?
2, 29, 67, 180491
What are the prime factors of 28442670?
2, 3, 5, 948089
List the prime factors of 288265790.
2, 5, 28826579
List the prime factors of 664632390.
2, 3, 5, 22154413
List the prime factors of 17805700.
2, 5, 11, 16187
List the prime factors of 172603578.
2, 3, 7, 587087
List the prime factors of 1769956354.
2, 884978177
What are the prime factors of 733685840?
2, 5, 263, 34871
What are the prime factors of 106333261?
2003, 53087
What are the prime factors of 1041088644?
2, 3, 28919129
What are the prime factors of 1707622729?
1707622729
List the prime factors of 824049439.
824049439
List the prime factors of 20428220.
2, 5, 17, 60083
List the prime factors of 3495867373.
3495867373
What are the prime factors of 104618421?
3, 23, 229, 2207
List the prime factors of 42024446.
2, 1109, 18947
List the prime factors of 106698095.
5, 7, 89, 34253
List the prime factors of 804362484.
2, 3, 4079, 16433
What are the prime factors of 2368467028?
2, 11317, 52321
List the prime factors of 209312109.
3, 17, 1368053
What are the prime factors of 3310502764?
2, 239, 557, 6217
What are the prime factors of 2195412722?
2, 19, 2011, 28729
What are the prime factors of 157596313?
7, 1231, 18289
List the prime factors of 2687560871.
7589, 354139
List the prime factors of 251191042.
2, 71, 1768951
What are the prime factors of 1068149683?
47, 2539, 8951
What are the prime factors of 217342722?
2, 3, 17, 41, 51971
What are the prime factors of 1258934242?
2, 31, 20305391
List the prime factors of 96607055.
5, 19321411
What are the prime factors of 30750425?
5, 23, 53479
List the prime factors of 302407956.
2, 3, 23, 37, 9871
What are the prime factors of 236032243?
263, 897461
List the prime factors of 32840323.
541, 60703
List the prime factors of 2493060594.
2, 3, 2593, 160243
What are the prime factors of 1547889058?
2, 5153, 150193
What are the prime factors of 1467931975?
5, 58717279
What are the prime factors of 197503998?
2, 3, 32917333
What are the prime factors of 471294840?
2, 3, 5, 23, 170759
What are the prime factors of 219605072?
2, 13725317
List the prime factors of 181259840.
2, 5, 566437
What are the prime factors of 3113223446?
2, 1556611723
List the prime factors of 1324299809.
7, 1543, 122609
What are the prime factors of 810798093?
3, 7, 23, 79, 787
List the prime factors of 44265917.
44265917
List the prime factors of 4289672393.
4289672393
List the prime factors of 470921296.
2, 167, 176243
What are the prime factors of 544835952?
2, 3, 37, 102259
List the prime factors of 346756357.
346756357
What are the prime factors of 279477863?
7, 5167, 7727
What are the prime factors of 12640668?
2, 3, 499, 2111
List the prime factors of 11623860.
2, 3, 5, 64577
List the prime factors of 1838231857.
7, 11, 359, 66499
What are the prime factors of 114015853?
7, 23, 73, 89, 109
List the prime factors of 1495878993.
3, 7, 23744111
List the prime factors of 12197448.
2, 3, 169409
What are the prime factors of 265385667?
3, 277, 319357
List the prime factors of 87270930.
2, 3, 5, 969677
List the prime factors of 1048697512.
2, 23, 31, 37, 4969
What are the prime factors of 179999585?
5, 35999917
What are the prime factors of 181807847?
13, 23, 113, 5381
What are the prime factors of 424076038?
2, 41, 5171659
List the prime factors of 26716710.
2, 3, 5, 97, 9181
List the prime factors of 537524187.
3, 179174729
List the prime factors of 209023340.
2, 5, 2011, 5197
List the prime factors of 51198076.
2, 59, 401, 541
List the prime factors of 3142985488.
2, 13567, 14479
What are the prime factors of 309696060?
2, 3, 5, 379, 13619
List the prime factors of 951435126.
2, 3, 1427, 12347
What are the prime factors of 30838204?
2, 17, 47, 9649
What are the prime factors of 516355037?
11, 23, 185539
List the prime factors of 40869766.
2, 7, 2919269
List the prime factors of 65387199.
3, 29, 47, 15991
List the prime factors of 7596031492.
2, 7, 499, 543661
List the prime factors of 1644079128.
2, 3, 4027, 17011
List the prime factors of 97720